{"id":10,"date":"2024-04-26T23:31:35","date_gmt":"2024-04-26T21:31:35","guid":{"rendered":"https:\/\/vortex-tribe.com\/?page_id=10"},"modified":"2024-04-26T23:31:35","modified_gmt":"2024-04-26T21:31:35","slug":"vortex-tribe","status":"publish","type":"page","link":"https:\/\/vortex-tribe.com\/","title":{"rendered":"vortex tribe"},"content":{"rendered":"<style>.kb-row-layout-id10_351cfd-76 > .kt-row-column-wrap{align-content:start;}:where(.kb-row-layout-id10_351cfd-76 > .kt-row-column-wrap) > .wp-block-kadence-column{justify-content:start;}.kb-row-layout-id10_351cfd-76 > .kt-row-column-wrap{column-gap:var(--global-kb-gap-md, 2rem);row-gap:var(--global-kb-gap-md, 2rem);padding-top:var(--global-kb-spacing-sm, 1.5rem);padding-bottom:var(--global-kb-spacing-sm, 1.5rem);grid-template-columns:minmax(0, 1fr);}.kb-row-layout-id10_351cfd-76 > .kt-row-layout-overlay{opacity:0.30;}@media all and (max-width: 1024px){.kb-row-layout-id10_351cfd-76 > .kt-row-column-wrap{grid-template-columns:minmax(0, 1fr);}}@media all and (max-width: 767px){.kb-row-layout-id10_351cfd-76 > .kt-row-column-wrap{grid-template-columns:minmax(0, 1fr);}}<\/style><div class=\"kb-row-layout-wrap kb-row-layout-id10_351cfd-76 alignnone wp-block-kadence-rowlayout\"><div class=\"kt-row-column-wrap kt-has-1-columns kt-row-layout-equal kt-tab-layout-inherit kt-mobile-layout-row kt-row-valign-top\">\n<style>.kadence-column10_0d4ad1-7b > .kt-inside-inner-col,.kadence-column10_0d4ad1-7b > .kt-inside-inner-col:before{border-top-left-radius:0px;border-top-right-radius:0px;border-bottom-right-radius:0px;border-bottom-left-radius:0px;}.kadence-column10_0d4ad1-7b > .kt-inside-inner-col{column-gap:var(--global-kb-gap-sm, 1rem);}.kadence-column10_0d4ad1-7b > .kt-inside-inner-col{flex-direction:column;}.kadence-column10_0d4ad1-7b > .kt-inside-inner-col > .aligncenter{width:100%;}.kadence-column10_0d4ad1-7b > .kt-inside-inner-col:before{opacity:0.3;}.kadence-column10_0d4ad1-7b{position:relative;}@media all and (max-width: 1024px){.kadence-column10_0d4ad1-7b > .kt-inside-inner-col{flex-direction:column;justify-content:center;}}@media all and (max-width: 767px){.kadence-column10_0d4ad1-7b > .kt-inside-inner-col{flex-direction:column;justify-content:center;}}<\/style>\n<div class=\"wp-block-kadence-column kadence-column10_0d4ad1-7b\"><div class=\"kt-inside-inner-col\"><style>.kb-image10_c7f008-d8 .kb-image-has-overlay:after{opacity:0.3;}<\/style>\n<figure class=\"wp-block-kadence-image kb-image10_c7f008-d8 size-full\"><img loading=\"lazy\" decoding=\"async\" width=\"1920\" height=\"1440\" src=\"https:\/\/vortex-tribe.com\/wp-content\/uploads\/2024\/04\/vortex-tribe-03.jpg\" alt=\"\" class=\"kb-img wp-image-8\" srcset=\"https:\/\/vortex-tribe.com\/wp-content\/uploads\/2024\/04\/vortex-tribe-03.jpg 1920w, https:\/\/vortex-tribe.com\/wp-content\/uploads\/2024\/04\/vortex-tribe-03-300x225.jpg 300w, https:\/\/vortex-tribe.com\/wp-content\/uploads\/2024\/04\/vortex-tribe-03-1024x768.jpg 1024w, https:\/\/vortex-tribe.com\/wp-content\/uploads\/2024\/04\/vortex-tribe-03-768x576.jpg 768w, https:\/\/vortex-tribe.com\/wp-content\/uploads\/2024\/04\/vortex-tribe-03-1536x1152.jpg 1536w\" sizes=\"auto, (max-width: 1920px) 100vw, 1920px\" \/><\/figure>\n\n\n\n<p class=\"has-palette-color-4-color has-text-color has-link-color wp-elements-cd17ef48a82d05eddc646caba3d4e91b\" style=\"font-size:clamp(14px, 0.875rem + ((1vw - 3.2px) * 0.469), 20px);\"><strong>Trg nepovratnih sredstev je ogromen in zelo razvejan. Za vsakogar obstaja nekaj primernega, potrebno pa je to primerno poiskati, obdelati in napisati prijavo, ki se sklada z vsemi zahtevami razpisa. Na na\u0161i strani je znanje in vizija, na va\u0161i izreden produkt, znanje, drznost ter kot radi re\u010demo &#8220;big picture\u201d.<\/strong><\/p>\n\n\n\n<p class=\"has-palette-color-4-color has-text-color has-link-color wp-elements-9d9d75cd18b5c7a451e13332ed3f655e\" style=\"font-size:clamp(14px, 0.875rem + ((1vw - 3.2px) * 0.469), 20px);\"><strong>Na\u0161i za\u010detki segajo 15 let nazaj, na slovenski trg. Danes smo usmerjeni v Evropo, Zdru\u017eene Dr\u017eave Amerike in Afriko.&nbsp;<\/strong><\/p>\n<\/div><\/div>\n\n<\/div><\/div>","protected":false},"excerpt":{"rendered":"<p>Trg nepovratnih sredstev je ogromen in zelo razvejan. Za vsakogar obstaja nekaj primernega, potrebno pa je to primerno poiskati, obdelati in napisati prijavo, ki se sklada z vsemi zahtevami razpisa. Na na\u0161i strani je znanje in vizija, na va\u0161i izreden produkt, znanje, drznost ter kot radi re\u010demo &#8220;big picture\u201d. Na\u0161i za\u010detki segajo 15 let nazaj, [&hellip;]<\/p>\n","protected":false},"author":1,"featured_media":0,"parent":0,"menu_order":0,"comment_status":"closed","ping_status":"closed","template":"","meta":{"_kad_blocks_custom_css":"","_kad_blocks_head_custom_js":"","_kad_blocks_body_custom_js":"","_kad_blocks_footer_custom_js":"","footnotes":""},"class_list":["post-10","page","type-page","status-publish","hentry"],"blocksy_meta":[],"taxonomy_info":[],"featured_image_src_large":false,"author_info":{"display_name":"admin","author_link":"https:\/\/vortex-tribe.com\/index.php\/author\/urban\/"},"comment_info":0,"_links":{"self":[{"href":"https:\/\/vortex-tribe.com\/index.php\/wp-json\/wp\/v2\/pages\/10","targetHints":{"allow":["GET"]}}],"collection":[{"href":"https:\/\/vortex-tribe.com\/index.php\/wp-json\/wp\/v2\/pages"}],"about":[{"href":"https:\/\/vortex-tribe.com\/index.php\/wp-json\/wp\/v2\/types\/page"}],"author":[{"embeddable":true,"href":"https:\/\/vortex-tribe.com\/index.php\/wp-json\/wp\/v2\/users\/1"}],"replies":[{"embeddable":true,"href":"https:\/\/vortex-tribe.com\/index.php\/wp-json\/wp\/v2\/comments?post=10"}],"version-history":[{"count":1,"href":"https:\/\/vortex-tribe.com\/index.php\/wp-json\/wp\/v2\/pages\/10\/revisions"}],"predecessor-version":[{"id":12,"href":"https:\/\/vortex-tribe.com\/index.php\/wp-json\/wp\/v2\/pages\/10\/revisions\/12"}],"wp:attachment":[{"href":"https:\/\/vortex-tribe.com\/index.php\/wp-json\/wp\/v2\/media?parent=10"}],"curies":[{"name":"wp","href":"https:\/\/api.w.org\/{rel}","templated":true}]}}